es 82 divide 1004788?
False
Is 1498432 a multiple of 208?
True
Is 6359478 a multiple of 11?
False
Does 162 divide 653012?
False
Is 10 a factor of 1965085?
False
Does 35 divide 96495?
True
Does 178 divide 6228349?
False
Is 114057 a multiple of 29?
True
Is 13 a factor of 620269?
True
Is 198 a factor of 132013?
False
Is 5718700 a multiple of 1060?
True
Is 14 a factor of 7665859?
False
Does 468 divide 254592?
True
Is 480 a factor of 2185258?
False
Does 11 divide 129635?
True
Is 7425096 a multiple of 1158?
True
Is 337204 a multiple of 57?
False
Is 277 a factor of 290296?
True
Is 140548 a multiple of 164?
True
Is 55 a factor of 2560734?
False
Does 232 divide 19758280?
True
Does 1057 divide 1675425?
False
Is 31 a factor of 10013?
True
Is 600500 a multiple of 50?
True
Does 56 divide 117167?
False
Does 230 divide 2646217?
False
Does 6 divide 2555?
False
Is 2 a factor of 101748?
True
Is 16 a factor of 2364624?
True
Does 470 divide 2333338?
False
Is 182700 a multiple of 348?
True
Is 58 a factor of 91350?
True
Does 18 divide 24769?
False
Is 1553725 a multiple of 95?
True
Is 23 a factor of 14934274?
False
Is 5562757 a multiple of 11?
False
Is 47760 a multiple of 22?
False
Does 397 divide 183594?
False
Does 3 divide 307077?
True
Is 81 a factor of 1822095?
True
Is 59 a factor of 105208?
False
Does 8 divide 1516195?
False
Does 38 divide 15751996?
False
Is 335 a factor of 24518650?
True
Is 2624146 a multiple of 98?
True
Does 795 divide 4603845?
True
Does 22 divide 542234?
True
Is 303979 a multiple of 25?
False
Is 516672 a multiple of 432?
True
Is 24 a factor of 1803128?
False
Is 6454098 a multiple of 566?
True
Is 141240 a multiple of 321?
True
Is 25563306 a multiple of 53?
False
Is 4 a factor of 4651975?
False
Is 817901 a multiple of 353?
True
Is 3499429 a multiple of 16?
False
Is 166 a factor of 145565?
False
Does 2 divide 1627678?
True
Does 11 divide 17996?
True
Does 138 divide 63575?
False
Is 4427038 a multiple of 178?
True
Is 45552 a multiple of 2?
True
Is 1094256 a multiple of 27?
True
Is 59 a factor of 126673?
True
Does 36 divide 1593596?
False
Is 11223176 a multiple of 164?
True
Is 87763 a multiple of 2?
False
Does 129 divide 5217534?
True
Does 198 divide 147887?
False
Does 233 divide 4170474?
False
Is 12698965 a multiple of 235?
False
Does 75 divide 123796?
False
Does 2 divide 32694?
True
Is 144657 a multiple of 9?
True
Is 235 a factor of 109980?
True
Is 105105 a multiple of 195?
True
Does 2 divide 1037342?
True
Is 577170 a multiple of 22?
True
Is 180 a factor of 150120?
True
Is 55248 a multiple of 24?
True
Does 16 divide 697952?
True
Is 117 a factor of 1117?
False
Does 9 divide 58111?
False
Does 7 divide 4277?
True
Is 4602084 a multiple of 36?
False
Does 141 divide 6755982?
False
Does 44 divide 51388?
False
Is 39796 a multiple of 7?
False
Is 24 a factor of 1321976?
False
Is 35695 a multiple of 2?
False
Does 74 divide 1508712?
True
Does 407 divide 259259?
True
Is 138 a factor of 610609?
False
Does 266 divide 26433?
False
Is 274 a factor of 1517412?
True
Does 514 divide 282186?
True
Is 14 a factor of 4410?
True
Is 304 a factor of 2115536?
True
Is 416 a factor of 127506?
False
Is 11569703 a multiple of 999?
False
Is 152779 a multiple of 19?
True
Does 118 divide 19352?
True
Does 90 divide 620100?
True
Is 199449 a multiple of 9?
True
Is 228332 a multiple of 4?
True
Does 762 divide 3248896?
False
Is 49 a factor of 151067?
True
Is 390124 a multiple of 14?
True
Is 982093 a multiple of 504?
False
Is 272803 a multiple of 17?
False
Is 39 a factor of 2440854?
True
Is 1596 a factor of 1189020?
True
Is 92 a factor of 1585804?
True
Does 16 divide 652480?
True
Is 52469 a multiple of 476?
False
Is 185120 a multiple of 890?
True
Is 559832 a multiple of 2?
True
Is 28 a factor of 7392?
True
Is 1248880 a multiple of 16?
True
Is 100404 a multiple of 22?
False
Does 53 divide 110770?
True
Is 13 a factor of 203440?
False
Is 1542870 a multiple of 30?
True
Does 86 divide 5354900?
False
Does 1311 divide 1827084?
False
Is 8480052 a multiple of 54?
True
Is 691115 a multiple of 31?
False
Is 481385 a multiple of 215?
True
Is 12804 a multiple of 12?
True
Is 9820420 a multiple of 82?
False
Is 40044 a multiple of 12?
True
Is 587 a factor of 237148?
True
Is 13034 a multiple of 142?
False
Does 186 divide 1526502?
True
Is 1692634 a multiple of 22?
False
Is 325 a factor of 364589?
False
Is 67 a factor of 28447?
False
Does 247 divide 2201264?
True
Does 119 divide 51289?
True
Is 1567715 a multiple of 101?
False
Does 192 divide 371520?
True
Is 137 a factor of 1487?
False
Is 3249363 a multiple of 507?
True
Does 124 divide 3176984?
False
Does 362 divide 5565670?
False
Does 45 divide 50355?
True
Does 13 divide 132557?
False
Does 15 divide 1854480?
True
Does 13 divide 557934?
True
Does 9 divide 1060308?
True
Is 71 a factor of 5078911?
False
Is 24 a factor of 2253480?
True
Is 13 a factor of 63752?
True
Does 1234 divide 628766?
False
Is 10 a factor of 189899?
False
Is 655 a factor of 805753?
False
Is 3397489 a multiple of 6?
False
Is 14 a factor of 3944164?
True
Does 16 divide 635520?
True
Is 128 a factor of 8254080?
True
Is 4388232 a multiple of 67?
True
Is 459 a factor of 311776?
False
Does 34 divide 125219?
False
Is 15 a factor of 133830?
True
Is 387 a factor of 6162476?
False
Is 41 a factor of 532180?
True
Is 322890 a multiple of 47?
True
Does 5 divide 50225?
True
Does 49 divide 9996?
True
Does 36 divide 37617?
False
Does 30 divide 1221690?
True
Does 35 divide 45395?
True
Is 523256 a multiple of 55?
False
Is 1641490 a multiple of 1302?
False
Is 140013 a multiple of 127?
False
Is 1227 a factor of 6055173?
False
Is 196 a factor of 11240012?
True
Is 450472 a multiple of 10?
False
Is 369 a factor of 3471319?
False
Does 20 divide 495571?
False
Does 48 divide 45252?
False
Is 258408 a multiple of 4?
True
Is 14 a factor of 702504?
False
Is 139438 a multiple of 346?
True
Is 17 a factor of 642698?
False
Is 3957382 a multiple of 13?
True
Is 68 a factor of 312715?
False
Does 21 divide 2027?
False
Is 781 a factor of 12021078?
False
Is 4556827 even?
False
Is 198 a factor of 513760?
False
Is 1373256 a multiple of 18?
True
Is 414288 a multiple of 24?
True
Does 3 divide 175644?
True
Is 68 a factor of 19741?
False
Does 571 divide 11023155?
True
Is 6597676 a multiple of 10?
False
Does 939 divide 633278?
False
Is 407442 a multiple of 3?
True
Is 22 a factor of 12540044?
True
Is 369738 a multiple of 2?
True
Is 8921750 a multiple of 13?
False
Is 11 a factor of 280368?
True
Does 73 divide 68474?
True
Is 268 a factor of 129263?
False
Is 44 a factor of 60137?
False
Is 46 a factor of 274313?
False
Is 128304 a multiple of 12?
True
Is 5 a factor of 196812?
False
Does 23 divide 18607?
True
Is 1688735 even?
False
Does 17 divide 17935639?
False
Does 625 divide 1574375?
True
Does 67 divide 1402992?
False
Is 7 a factor of 50920?
False
Is 233 a factor of 976736?
True
Is 451 a factor of 707619?
True
Is 7706075 a multiple of 65?
True
Does 11 divide 1109735?
True
Does 407 divide 167277?
True
Does 2265 divide 23735727?
False
Is 24 a factor of 217673?
False
Is 8 a factor of 331450?
False
Is 2527200 a multiple of 9?
True
Is 22700 a multiple of 20?
True
Is 195378 a multiple of 191?
False
Is 328 a factor of 305039?
False
Is 238896 a multiple of 16?
True
Does 2562 divide 29916995?
False
Is 1200515 a multiple of 5?
True
Is 12 a factor of 7156032?
True
Does 643 divide 21757755?
False
Does 5 divide 102076?
False
Is 5 a factor of 4217242?
False
Is 893131 a multiple of 13?
False
Is 29946 a multiple of 21?
True
Does 264 divide 7499?
False
Does 18 divide 416952?
True
Does 19 divide 189126?
True
Is 160 a factor of 8243040?
True
Does 390 divide 547420?
False
Is 55 a factor of 1115076?
False
Does 171 divide 2250189?
True
Does 213 divide 378785?
False
Is 14 a factor of 16422?
True
Is 3619349 a multiple of 6?
False
Does 179 divide 149838?
False
Does 266 divide 6280526?
True
Is 14782 a multiple of 19?
True
Is 81129 a multiple of 51?
False
Is 42860 a multiple of 16?
False
Is 104 a factor of 72728?
False
Is 341049 a multiple of 292?
False
Does 3 divide 25109?
False
Is 1707766 a multiple of 106?
True
Does 30 divide 148861?
False
Is 71 a factor of 19271?
False
Is 1394406 a multiple of 101?
True
Does 63 divide 5162157?
True
Does 141 divide 278334?
Tr